e (112/(-12))/(-1) - 6/(-9). Suppose -a + 78 + 391 = i, -2*a + b = 0. What is the greatest common divisor of 58 and i?
58
Let c(t) be the first derivative of -t**2 - 18*t - 64. Let v be c(-14). Calculate the greatest common divisor of 65 and v.
5
Let q(f) be the second derivative of 3*f**5/4 + f**4/12 - f**3/6 + 45*f. Let z be q(1). Calculate the highest common divisor of 405 and z.
15
Suppose -52 = -5*c + c. Let p(m) = m**2 - 8*m + 15. Let h be p(4). Let t be ((-6)/(-3))/2 - h*142. What is the greatest common divisor of t and c?
13
Let p = 8 + 5. Let q(i) = -555*i**2 - 27 - i**3 + 20 + 568*i**2 + 2*i. Let w be q(p). Calculate the greatest common divisor of w and 152.
19
Suppose -5*x - 30 - 20 = 0. Let w be (-15)/x*(-20)/(-6). Suppose 2*s = w*s - 198. Calculate the greatest common divisor of s and 44.
22
Let v(d) = 7*d**2 + 297*d - 589. Let p be v(2). What is the greatest common factor of 4224 and p?
33
Suppose -5185 = 34*f - 17527. Calculate the greatest common factor of f and 66.
33
Let d(a) = -45*a + 132. Let i be d(2). Let l = -32 + 179. Calculate the greatest common factor of l and i.
21
Let d(h) = 2*h**2 - 55*h + 132. Let x be d(26). Calculate the greatest common divisor of 1728 and x.
54
Let j(r) = 5*r + 42. Let a be j(-9). Let u(w) = -8*w - 5. Let b be u(a). Let v be 914/8 - 3/12. Calculate the highest common factor of v and b.
19
Suppose 23*x = 22*x, -3*h = -4*x - 228. Let l = -8 - -128. Suppose -4*t = -y + h, -2*t + 390 = 5*y + l. What is the greatest common divisor of y and 42?
14
Let a(i) = 16*i + 151. Let m be a(-9). Suppose 0 = m*p + 299 - 362. Calculate the highest common divisor of 477 and p.
9
Suppose 4*o = 174*w - 172*w + 550, -w + 553 = 4*o. Calculate the greatest common divisor of 5014 and o.
46
Let h(v) = 178*v + 3. Let d be h(1). Suppose 7*b = 1063 - d. Suppose 5*l + 49 = 3*y, 3*l - l = -2*y + 38. Calculate the highest common divisor of y and b.
18
Let y = 29 - 10. Let t be 2/3 + 55875/(-2682)*(1 - 11). Calculate the highest common divisor of y and t.
19
Suppose 2*i + 1354 = 5*d - 8143, 4*i = 5*d - 9489. Let o = 2786 - d. What is the greatest common divisor of 59 and o?
59
Let w(a) = -9*a + a**3 + 8*a**2 - 5 + 7 - 1 + 17. Let n be w(-9). Calculate the greatest common divisor of 162 and n.
18
Suppose -5*w + 38194 = -2*h, -578*h - 22905 = -3*w - 573*h. What is the highest common factor of 100 and w?
20
Let o(h) = -96*h - 3. Let s be o(-5). Suppose d + 169 = s. Let i be 14/(-6)*((27 - 15) + -24). Calculate the highest common divisor of i and d.
28
Let u = 442 - 442. Suppose u = -2*x - 4 - 4, 4*x = 5*t - 1241. Calculate the highest common divisor of 70 and t.
35
Suppose -192*o + 7*o - 99*o = -18460. Calculate the greatest common divisor of o and 6331.
13
Let h be (9 + 4654/(-312))*-12. Suppose 0*r + 3 = 3*r. What is the greatest common factor of r and h?
1
Let j(l) = 7*l + 7*l - 3*l - 17. Let p be j(10). Let o be (-18)/(-99) - p/(-33). What is the greatest common factor of o and 2?
1
Let i(x) = -57*x - 19. Suppose 2*s + 12*s + 42 = 0. Let l be i(s). What is the greatest common divisor of l and 8?
8
Suppose -5*f + 52 + 98 = 0. Let m be 240 - (6 + (5 - 5)). Suppose -42*o + m + 18 = 0. Calculate the greatest common factor of o and f.
6
Let d = -68369 + 127505. Calculate the highest common divisor of d and 224.
224
Suppose -2*a - 62 = 3*c, 5*c - a = 4*a - 95. Let i be (-228)/5*c/8. Calculate the highest common factor of 285 and i.
57
Let c be (-79 - 1)*(-28)/10. Suppose 71 = 2*h - 3*q, 4*q = h - 51 + 3. Calculate the highest common factor of c and h.
28
Let m(t) = -70*t - 744. Let g be m(-11). What is the highest common divisor of 3861 and g?
13
Let o = -908 - -274. Let z = -619 - o. Let n(g) = 3*g**2 - 2*g + 9. Let k be n(6). Calculate the highest common divisor of z and k.
15
Let s be (81 + -20 - 19)*2/14*12. What is the highest common divisor of 228 and s?
12
Let j = -10063 - -10109. Calculate the greatest common factor of j and 5566.
46
Let b = 10987 + -9931. Calculate the greatest common factor of b and 297.
33
Suppose 0*d = 5*d + 5*l - 5, -2 = 5*d - 2*l. Let x(q) = 5*q + 299. Let o be x(d). What is the highest common divisor of 46 and o?
23
Let o be 2709/36 + 1/(-4)*1. Suppose -420 = -v + o. Let i = v - 297. Calculate the highest common factor of 33 and i.
33
Let z be ((-207)/(-18) - 10)/(-1*4/(-416)). What is the greatest common divisor of 2223 and z?
39
Suppose 78*z - 34*z + 485 = 5193. Calculate the highest common factor of z and 963.
107
Suppose 6*f = 2*f + 6*f - 884. Calculate the greatest common divisor of f and 374.
34
Let a = 455 - 420. Let u be (-3)/(-6) - 3/6. Suppose -2*j = -4*v - 48, -5*j - 2*v - 5 + 149 = u. What is the greatest common divisor of j and a?
7
Suppose -6 = z - 34. Suppose -8*u + 12 = z. Let k be ((-12)/(-9))/((-5)/(45/u)). Calculate the greatest common divisor of 6 and k.
6
Suppose 173*r - 478989 = 54*r - 54873. Calculate the greatest common divisor of 44 and r.
44
Suppose 4*u - 3*y - 67 = 0, -21 = -u + y + 4*y. Suppose -4*w - n + 1105 = -494, -5*n = 3*w - 1195. What is the highest common divisor of u and w?
16
Suppose 0 = -6690*i + 6703*i - 3731. What is the greatest common divisor of i and 56?
7
Let i(j) = j**2 - 5*j - 2. Let s be i(7). Let l be ((-15)/(-4))/(-5) + (-158301)/(-572). What is the greatest common divisor of s and l?
12
Let g(y) = -15*y**2 - 23*y + 2. Let l be g(-7). Let s be 1 - (l + (-14)/2). Calculate the highest common factor of 20 and s.
20
Suppose -5*j + 81 = -209. Let l = -53 + j. Suppose -45 = -4*z - 3*s + 26, 2*z = -l*s + 53. Calculate the highest common factor of z and 154.
14
Let q = 256 + -253. Let j be 0 - 48/9*3. Let w be (-1396)/j + q/4. What is the greatest common divisor of w and 8?
8
Suppose -281 - 2007 = -109*i + 83*i. What is the highest common divisor of i and 6358?
22
Suppose -4*x - 10 + 124 = 2*t, -5*x - 4*t = -141. Suppose -x = -8*l + 107. What is the highest common divisor of 425 and l?
17
Let j be -3 + 2/18*27273 - 52/39. Calculate the highest common divisor of 68 and j.
34
Let n(f) be the first derivative of 35*f**2 - 59*f + 96. Let o be n(1). Suppose m - 88 = -0*m. What is the greatest common factor of m and o?
11
Let j(y) = -150*y**3 - 3*y**2 - 4*y - 5. Let n be j(-2). Let m = -477 + n. Calculate the highest common divisor of 42 and m.
42
Let y be (632/16 + 5)*32. Suppose 391*k = 393*k - y. What is the greatest common factor of k and 89?
89
Let h = 1171 + 1997. What is the highest common factor of h and 11?
11
Let v(o) = 2*o - 10. Let x be v(6). Suppose -x = 4*s - 10. Suppose -s*h + h = -25. What is the greatest common factor of 5 and h?
5
Suppose g - 1 = 4*v, -2*v + 6 = g + 5. Let d be v - 96/(5 - 13). Calculate the highest common divisor of d and 8.
4
Let b be (6 - 5)*6*45. Let g = 15 - -3. Let d be (-6 + 3)/((-2)/g). Calculate the greatest common factor of d and b.
27
Let a be (-24)/(-5) + (-9)/(-45). Suppose -a*n = -4*p - 63, p + 3*p - 4*n = -64. Let y = p - -37. What is the greatest common divisor of 160 and y?
20
Let t be 2/(-2*2) - 7994/(-28). Let h = t - -179. Calculate the greatest common divisor of 16 and h.
16
Let t(h) be the first derivative of -h**4/4 + 8*h**3/3 + 15*h**2/2 - 35*h + 52. Let a be t(8). Calculate the greatest common factor of 119 and a.
17
Let z(k) = -21*k - 3. Let b be z(-3). Let m(q) = -122*q - 3564. Let x be m(-30). Calculate the greatest common divisor of b and x.
12
Suppose 27*x - 2*c = 24*x + 386, 0 = 6*x + c - 752. What is the greatest common factor of x and 4977?
63
Suppose 6*w + 5*n - 122 = 4*w, -4*w + 3*n = -270. Suppose 3*y - 570 = 4*f, -1587 + 567 = -5*y - 5*f. Calculate the greatest common factor of w and y.
66
Let t(i) = 25*i + 53. Let l be t(-2). Let m be (37 - 22)*4/l. What is the greatest common divisor of 52 and m?
4
Let c be 4/(-22) + ((-2412)/(-33))/6. Let y(u) = u**3 - 9*u**2 - 27*u - 8. Let v be y(c). Let d = 156 - v. What is the greatest common factor of 8 and d?
8
Suppose -5*k - 7*k - 384 = 0. Let p(q) = -4*q - 126. Let u be p(k). What is the greatest common factor of u and 26?
2
Suppose -99*i - 3564 = -z - 102*i, 0 = z - 2*i - 3574. Calculate the highest common factor of z and 15.
15
Suppose 4*i = 244 - 80. Let b = 43 - i. Suppose 3 - 7 = -b*s. Calculate the highest common factor of 10 and s.
2
Le